 12496512.
192
Calculate the greatest common divisor of 179 and 224742913.
179
Calculate the highest common divisor of 1560 and 149084.
52
What is the highest common divisor of 65788011 and 297?
27
Calculate the greatest common factor of 18151178 and 84569.
4451
Calculate the highest common factor of 17541415 and 11845.
515
What is the greatest common divisor of 7768637 and 3051?
113
Calculate the highest common factor of 16428 and 301620.
12
What is the highest common divisor of 11470 and 67554415?
185
Calculate the greatest common factor of 2841 and 24723329.
947
What is the greatest common divisor of 113224248 and 576?
72
What is the greatest common divisor of 3493 and 19452517?
3493
What is the highest common divisor of 424 and 13373384?
424
What is the greatest common divisor of 161 and 9296922?
23
Calculate the greatest common factor of 9002950 and 1540.
110
What is the greatest common divisor of 251868 and 102378?
906
What is the greatest common divisor of 13504 and 6014766?
422
What is the highest common divisor of 3052938 and 77?
7
What is the greatest common factor of 3223 and 325242599?
3223
What is the highest common factor of 973472 and 46806?
58
Calculate the highest common divisor of 2448 and 238411332.
612
What is the highest common factor of 45384758 and 29178?
3242
What is the greatest common factor of 6915392 and 470?
94
Calculate the highest common divisor of 2701 and 2538607.
37
What is the highest common factor of 10740 and 57784064?
716
Calculate the highest common divisor of 18158555 and 2061.
229
What is the greatest common divisor of 15494 and 12196706?
122
What is the highest common divisor of 44 and 154758?
2
Calculate the highest common factor of 3579158 and 95238.
814
Calculate the highest common factor of 94996 and 685168.
748
Calculate the greatest common factor of 292826 and 200.
2
Calculate the greatest common factor of 348 and 45337092.
348
Calculate the greatest common divisor of 4496 and 108786902.
562
Calculate the highest common factor of 770314 and 291922.
1286
What is the greatest common factor of 314892 and 2916?
36
Calculate the greatest common factor of 14564 and 2428386796.
14564
Calculate the highest common divisor of 4724946 and 10098.
918
What is the highest common factor of 3357630 and 90?
90
What is the greatest common divisor of 378 and 70153614?
54
What is the highest common factor of 1226997 and 873?
9
What is the greatest common divisor of 111 and 312039?
3
Calculate the greatest common factor of 77 and 100405921.
77
Calculate the highest common divisor of 979560 and 1209938.
1814
What is the greatest common factor of 34829 and 2304719?
1201
Calculate the greatest common divisor of 4256 and 10213032.
152
Calculate the highest common divisor of 146176617 and 870.
87
What is the greatest common factor of 73535296 and 320?
64
What is the highest common divisor of 17280 and 1169104?
16
What is the highest common divisor of 515 and 131079139?
103
Calculate the greatest common divisor of 929706582 and 294.
42
What is the highest common divisor of 1287531 and 68760?
1719
Calculate the highest common factor of 4541525 and 475.
25
What is the greatest common factor of 3383 and 4362118009?
3383
Calculate the greatest common factor of 2274262 and 228532.
3686
What is the highest common factor of 5372801 and 12673?
551
What is the greatest common factor of 17440 and 360280?
40
Calculate the greatest common factor of 800235 and 90.
45
Calculate the highest common factor of 52 and 256177792.
52
Calculate the greatest common factor of 1868556 and 200508.
372
What is the highest common factor of 86307994 and 76?
38
Calculate the highest common factor of 156931908 and 4.
4
What is the highest common factor of 32891 and 3880077?
1061
What is the greatest common factor of 36973216 and 224?
224
What is the highest common factor of 4923114 and 686?
14
What is the greatest common divisor of 13969 and 1603324?
61
Calculate the greatest common factor of 149841414 and 35154.
5022
What is the highest common divisor of 314 and 276163?
157
Calculate the highest common divisor of 7 and 214090.
1
Calculate the highest common divisor of 59566 and 13130.
26
What is the highest common factor of 162 and 73477098?
54
What is the greatest common factor of 80405 and 1183?
13
What is the highest common factor of 226149 and 2539971?
1869
What is the greatest common divisor of 217 and 13376872?
31
Calculate the highest common factor of 3094 and 3453177.
91
Calculate the greatest common factor of 10590 and 645330.
30
Calculate the greatest common factor of 13527250 and 6875.
1375
What is the highest common factor of 315992 and 376?
8
Calculate the greatest common factor of 9406610 and 6290.
170
Calculate the greatest common divisor of 911360 and 2670.
890
What is the highest common divisor of 13701 and 25?
1
What is the highest common factor of 8351 and 750397?
1193
Calculate the highest common factor of 386305 and 170.
5
What is the highest common divisor of 10958160 and 5?
5
What is the highest common factor of 856 and 203178769?
107
Calculate the greatest common factor of 17255096 and 8184.
248
What is the highest common factor of 300751 and 326458?
209
Calculate the highest common divisor of 3605476 and 644.
28
Calculate the highest common divisor of 4520028 and 31773.
51
What is the highest common factor of 4729730 and 3160?
790
Calculate the greatest common factor of 1304774 and 868082.
482
Calculate the highest common divisor of 348340 and 5020.
20
What is the greatest common divisor of 1512 and 3508020?
36
Calculate the highest common factor of 1900842 and 3936.
246
Calculate the highest common factor of 131 and 22018873.
131
What is the highest common factor of 5103 and 1032696?
189
Calculate the highest common divisor of 487780 and 298700.
580
What is the highest common divisor of 1088 and 63874576?
272
What is the greatest common divisor of 904 and 51860898?
226
Calculate the highest common divisor of 35598 and 5309814.
102
Calculate the greatest common divisor of 27885 and 1815.
165
Calculate the greatest common divisor of 16446 and 99210.
6
What is the greatest common factor of 3386124 and 756?
756
Calculate the greatest common factor of 4764117 and 32277.
159
What is the greatest common factor of 468 and 31181100?
12
What is the highest common divisor of 146612085 and 1090?
545
What is the highest common divisor of 25707 and 4573140?
1353
Calculate the highest common factor of 162146 and 204170.
34
Calculate the highest common factor of 6102551 and 1183.
91
Calculate the greatest common factor of 6828 and 10949836.
2276
Calculate the greatest common factor of 34286 and 2540482.
1106
What is the greatest common divisor of 747995535 and 1932?
483
What is the greatest common divisor of 67936 and 39179?
193
Calculate the greatest common divisor of 6620 and 7516.
4
Calculate the highest common factor of 42820 and 233634484.
8564
Calculate the highest common divisor of 1404284 and 3892.
28
Calculate the greatest common divisor of 17649 and 116001.
9
Calculate the highest common factor of 27451632 and 624.
624
What is the highest common divisor of 1691 and 22535957?
1691
Calculate the highest common divisor of 28 and 8908208.
4
What is the greatest common divisor of 912511680 and 44900?
8980
Calculate the greatest common factor of 30954 and 1713810.
42
What is the highest common factor of 4472620 and 19340?
20
Calculate the greatest common divisor of 2806 and 77219839.
61
Calculate the highest common divisor of 218504 and 237698736.
16808
What is the greatest common divisor of 243348 and 264?
12
What is the greatest common divisor of 366370 and 20?
10
Calculate the greatest common divisor of 80224046 and 644.
322
What is the highest common factor of 23210166 and 2388?
1194
Calculate the highest common factor of 2 and 2227506.
2
Calculate the greatest common divisor of 528 and 5295.
3
What is the highest common divisor of 10653784 and 276?
92
Calculate the greatest common factor of 897353 and 329221.
821
What is the highest common divisor of 3976815 and 36570?
345
Calculate the greatest common divisor of 10132306 and 434299.
1003
Calculate the greatest common factor of 477238499 and 284.
71
What is the greatest common f